. Suppose 10*q + 5*q - 306 = -2*q. Calculate the remainder when v is divided by q.
13
Let j(z) = z**3 + 6*z**2 + 6*z - 19. Let r be j(-7). Let p = r + 124. Calculate the remainder when 274 is divided by p.
8
Let s = 42230 + -41795. What is the remainder when s is divided by 102?
27
Let w(a) = a**3 + 16*a**2 + 10*a - 14. Let q be w(-16). Suppose 0 = -87*i + 80*i + 2121. Let c = i + q. What is the remainder when c is divided by 33?
30
Suppose 5*a - 16 = 2*x + 18, -2*a + 16 = -2*x. Let f be 0/2 + 60/a. Suppose f*q - 2*q = 112. What is the remainder when 26 is divided by q?
12
What is the remainder when 1242 is divided by (2 + (-616)/98)*7/(-2)?
12
Suppose -3*n + 10 = -4*w, 5*w = 1 - 6. Suppose 5*i - 108 = -i. What is the remainder when (-284)/(-12)*(5 - n) is divided by i?
17
Suppose 73*d - 13153 = 8893. Calculate the remainder when d is divided by (2 + -1)/(2/38).
17
What is the remainder when 206 is divided by ((-112)/56)/((-3)/96)?
14
Suppose 3264*c = 3114*c + 1800. Suppose 0 = -2*x + 95 - 3. Calculate the remainder when x is divided by c.
10
Let r(o) = -8*o**3 - 3*o - 12. Suppose -2*z - h - 7 = 0, 2*h + 4 = -0*z + z. What is the remainder when r(z) is divided by 26?
6
Let y be (2/6)/((-13)/(-78)). Calculate the remainder when ((-405)/(-18))/(y + 3/(-2)) is divided by 12.
9
Let z(f) = 9*f. Let r be z(-1). Let t(l) = 2*l**2 - 6*l + 48. Calculate the remainder when t(r) is divided by 81.
21
Let j(b) = -12*b + 186. Let n be (66/(-24))/11 + (-61)/(-4). Let m(o) = -o**3 + 12*o**2 - 10*o - 1. What is the remainder when m(11) is divided by j(n)?
4
Suppose -186 = -7*k - 158. Suppose 0 = 13*s + k*s - 323. Calculate the remainder when 31 is divided by s.
12
Let o = -1097 - -308. Let p = 834 + o. Calculate the remainder when 127 is divided by p.
37
Let z be (-650)/(-70) - 4/14. Suppose -r - 29 = -3*r + s, -3*s + z = 2*r. Calculate the remainder when (56/3)/((-2)/(-6)) is divided by r.
8
Suppose -3*u + 12*p - 17*p = -169, 5*p - 222 = -4*u. Let n(z) = -4*z + 1. Let q be n(3). Let f = 16 - q. What is the remainder when u is divided by f?
26
Let l(b) = 21*b - 10. Let i = -291528 - -291564. Calculate the remainder when l(7) is divided by i.
29
Let l(d) = 6*d**3 + 1 - 8*d**3 + 3*d**3 + 9*d**2 + 5. Let z be l(-9). Calculate the remainder when 5*(z + -1) + -3 is divided by 8.
6
Suppose 4*f + 3*x - 694 = 0, 877 = -3*f + 8*f - x. Calculate the remainder when 348 is divided by f.
173
Suppose -2*d = 3*n - 62, 3*n + d - 64 = -0*d. Let b = -70354 - -70397. What is the remainder when b is divided by n?
21
Let x = 396 - 228. Suppose x = 5*s - s. What is the remainder when s is divided by 17?
8
Suppose 4*f = 9*f + 10. Suppose 15 = 2*k - 57. Let c = k + f. What is the remainder when c is divided by 7?
6
Let h(l) = 4*l**3 - 55*l**2 - 37*l + 4. Calculate the remainder when h(15) is divided by 23.
22
Calculate the remainder when 137 is divided by ((-12)/(-8))/((-1 - 1)/(-68)).
35
Let m = -5716 + 5766. Let q(s) = -s + 65. What is the remainder when q(0) is divided by m?
15
Let o(l) = -l**3 + 6*l**2 + 32*l - 105. What is the remainder when 356 is divided by o(6)?
8
Let t(o) = 2*o**2 - 19*o + 159. What is the remainder when t(-8) is divided by 70?
19
Suppose w - 3*k - 2*k = 3, 5*k - 51 = -2*w. What is the remainder when 69 is divided by w*-6*(-4)/(-36)*-2?
21
Suppose 2*n = 3*j + 426, 0*j + 856 = 4*n - 4*j. Suppose 0 = -2*g + 6, -10*u + 6*u = -4*g - n. What is the remainder when 284 is divided by u?
56
Let r = 1328 - 1133. What is the remainder when 583 is divided by r?
193
Let f(d) = 647*d + 29. Let s be f(2). Suppose 20*n - s + 343 = 0. Calculate the remainder when 144 is divided by n.
46
Suppose 0 = 4*g + 3*r + 12 + 42, -5*g = -5*r + 50. Let n(h) = -h + 40. What is the remainder when n(g) is divided by 21?
10
Let g(a) = -a**2 - 9*a - 5. Let m be 12940/100 - (16/(-10) + 2). Let s = m - 28. What is the remainder when s is divided by g(-6)?
10
Let g = -61 - -54. Let i be (-5 - g)*(-5)/(-2). Suppose n = -a + 23, -i*a = -0*n - n - 121. What is the remainder when 64 is divided by a?
16
Suppose 2*u = m - 7, 0*m + u + 11 = 3*m. Calculate the remainder when 832/m + -3 + 20/12 is divided by 14.
10
Suppose -2*z = 8, 2*z + 12 = w - 26. Let i(u) = -10*u - 78. Let l be i(-13). Suppose 0 = -13*a + l*a - 663. Calculate the remainder when w is divided by a.
13
Let l be 1358/(-4) + (-1)/2. Let r = l + 571. Suppose 9*z - 66 - r = 0. What is the remainder when z is divided by 6?
3
Let z(j) = j**3 - 14*j**2 + 15*j + 38. Calculate the remainder when z(14) is divided by 93.
62
Let q(d) = -2496*d + 9302. Calculate the remainder when q(3) is divided by 25.
14
Suppose -n - 4*a = -931, 4*n - 913 - 2706 = 5*a. What is the remainder when n is divided by 71?
59
Let o(w) = 5*w**2 + 20*w - 50. Let s = 195 + -110. What is the remainder when o(7) is divided by s?
80
Let d = 108 + -63. Suppose 299*c - 1068 = 293*c. What is the remainder when c is divided by d?
43
Let k = -5 - -24. Let r = k + -4. Calculate the remainder when 116 is divided by r.
11
Let w(r) = -70*r - 2. Suppose 0 = 6*j + 4*v - 312, 5*j - 174*v - 262 = -178*v. Calculate the remainder when w(-2) is divided by j.
38
What is the remainder when 5204 is divided by (31/(-3)*48)/(-4 - -2)?
244
What is the remainder when 4/2 - -252 - 6 is divided by 55?
28
Suppose o - 132 = -4*f, 3*f - 173 = -2*o + 61. What is the remainder when o is divided by 30?
18
Suppose 0 = -3*p - 5*h + 28, 0 = -0*p + 5*p - h - 84. Let t(g) = -480*g - 9. Let d be t(1). Let c = d - -498. Calculate the remainder when p is divided by c.
7
Let a = 13 - 9. Suppose 2*v = 5*n - 8, -a*n + 19 + 15 = 3*v. Suppose -v*k = -3*k - 63. What is the remainder when k is divided by 6?
3
Let u = -184 - -294. Suppose i - 156 = -4*z - 0*i, -3*z + u = -i. What is the remainder when 341 is divided by z?
37
Suppose 13*n - 1289 + 589 = 678. Calculate the remainder when 2967 is divided by n.
105
Let j = -306 + 59. Let n = 283 + j. What is the remainder when 95 is divided by n?
23
Let r(v) = v**3 - 5*v**2 - 7*v - 19. Let u be r(8). Let a = u - 27. Let k(m) = 2*m**2 - 5*m - 2. What is the remainder when a is divided by k(5)?
21
Suppose -15008 = -102*l + 4780. Calculate the remainder when 2904 is divided by l.
188
Let m(r) = r**3 - 20*r**2 + 78*r + 112. Calculate the remainder when 1296 is divided by m(7).
15
Suppose 5*f + 3*p = -2*p + 30, 4*f - 27 = -5*p. Let g = 1045 + -1041. Calculate the remainder when 7*6/9*f is divided by g.
2
Let q(j) = 95*j**2 - 62*j - 64. What is the remainder when 367 is divided by q(-1)?
88
Suppose 3*m - 16 - 131 = 0. Suppose m*r + 2295 = 54*r. Suppose -4*n = -r + 47. What is the remainder when n is divided by 35?
33
Let u = -6345 + 6464. What is the remainder when 603 is divided by u?
8
Suppose 14*r = 1251 + 372 + 351. What is the remainder when 450 is divided by r?
27
What is the remainder when 5456 is divided by (((-28)/(-14))/4 + 158/(-4))*-5?
191
Suppose 0 = 5*s - 21*g + 23*g - 157, -3*s - 3*g + 87 = 0. What is the remainder when 63 is divided by s?
30
Suppose -3*m + c + 47 = 3*c, 0 = 3*m + 4*c - 55. Let d = 3 + m. Suppose -4*b + 2*w = -26, -b + 3*w + 4 = -10. Calculate the remainder when d is divided by b.
1
Let c = 374 + -151. Let x = c - 212. What is the remainder when 18 is divided by x?
7
Let i = 1437 + -1425. Let s be (-9)/3*(-1)/(-3). What is the remainder when (2/5)/(s/(-115)) is divided by i?
10
Suppose -a - 19 = -2*a + 2*m, -4*m - 12 = 0. Let c(s) = 3*s**2 - 31*s + 16. Calculate the remainder when c(a) is divided by 14.
8
Calculate the remainder when 303 is divided by -2 + (-205)/(-3) + (-368)/(-138).
27
Let n = 74 + -71. Suppose 4*g = -n + 51. Calculate the remainder when 74 is divided by (-17 + 2)*(-4)/g.
4
Suppose b + 3 = -5*l + 7, 5*l - 7 = 2*b. Let v(t) = 133*t + 7. Let y be v(-1). Calculate the remainder when (7 - b)*y/(-4) is divided by 64.
60
Let c(x) = -x**3 + 58*x**2 + 31*x - 1648. Calculate the remainder when c(58) is divided by 1/(-2)*2 + 40.
33
Let x be (531 - -2) + (1 - (2 - 1)). Suppose 0 = 2*p + 3*q - 221, -5*p - q = -0*p - x. What is the remainder when p is divided by 20?
6
Calculate the remainder when (36/(-30))/((-108)/16920) is divided by 37.
3
Let m(u) = -205*u - 2285. What is the remainder when 1049 is divided by m(-12)?
174
Let o(i) = 2*i*